7
Suppose -6*h + 1043 = -3385. Suppose -8*w + h = -2*w. Calculate the greatest common factor of 82 and w.
41
Let d(v) = 2*v**3 - 2*v**3 + 18*v**3. Let i be d(1). Suppose 1977*x + 2123 - 6371 = 950*x + 968*x. Calculate the greatest common factor of x and i.
18
Suppose 0 = 8*s - 7*s + 1. Let u(b) = -8*b**3 + 4*b**2 + 2*b - 1. Let j be u(s). Suppose j*a - 35 + 8 = 0. What is the greatest common divisor of a and 2?
1
Let l(n) = 39*n + 591. Let w be l(-15). Let d = -48 - -72. Calculate the greatest common divisor of w and d.
6
Let y(q) = -q. Let z be y(-3). Suppose 196 = 4*p - 4*c, 2*p - 4*p + 73 = z*c. Let i be (-7 - -6) + (9/27)/(2/18). What is the highest common divisor of p and i?
2
Let h(s) be the second derivative of -s**4/12 + 7*s**3/6 + 19*s**2/2 - 44*s - 2. Let i be h(8). What is the greatest common factor of 55 and i?
11
Suppose 2316 = 3*f - 3*s, -2*f - 2*f - 5*s + 3106 = 0. Let y = f - 543. Suppose l - 12*l = -y. Calculate the greatest common factor of l and 7.
7
Suppose 4*y + 433 = -627. Let s = -97 - y. Let p = s - 108. What is the highest common factor of p and 40?
20
Let n(o) = -3*o**3 + 2*o**2 - 16*o + 13. Let p be n(4). Let j = p + 246. What is the highest common divisor of j and 7?
7
Suppose -4*z - 3*y + 81 = -91, -y = 0. Let i = z - 36. Suppose -42 = -i*j + j. What is the highest common divisor of 7 and j?
7
Let m = -4843 + 7635. Calculate the highest common divisor of 24 and m.
8
Let y(t) = -t**3 + 7*t**2 + 2*t + 123. Let r be y(8). Let h(q) = q**3 - 9*q**2 - 6*q + 10. Let g be h(10). Calculate the highest common factor of g and r.
25
Let x = 14351 - 13872. What is the highest common factor of 4 and x?
1
Let l(r) = 19*r**2 - 3*r + 6. Let w(q) = 1. Let n(t) = l(t) + 2*w(t). Let p be n(4). Calculate the greatest common divisor of 12 and p.
12
Suppose -7*d + 17*d - 340 = 0. Suppose -d = 4*h - 354. Calculate the highest common factor of h and 20.
20
Suppose 4*a - 2*a + 5*v - 262 = 0, 5*v - 388 = -3*a. Let c(f) = 4*f**2 + 1030*f + 14. Let k be c(0). What is the greatest common factor of k and a?
14
Let y = -60 - -62. Let o(c) = -111*c**2 + 13 + 2*c + 110*c**y - c. Let x be o(0). What is the highest common divisor of 65 and x?
13
Let j be ((-14)/4)/(-2 + (-351)/(-174)). Let s be (-6)/14 - 13079/j. Calculate the greatest common divisor of s and 16.
16
Suppose -4*g + 96 = l, 6 - 342 = -3*l + 4*g. Suppose 12*w - 3*w = 18. Suppose 27 = w*n - 27. What is the greatest common factor of n and l?
27
Let x be 16371/6 + (-8 - 114/(-12)). What is the greatest common factor of x and 130?
130
Let d be (-12 + 4)*-17*2/8. Suppose 70*w - 2577 = 12893. Calculate the greatest common factor of w and d.
17
Let w = -4247 + 5663. Calculate the highest common factor of w and 120.
24
Suppose 42*l = 43*l - 133. Let q = l - 130. Calculate the highest common divisor of q and 39.
3
Let m = 1637 - 1509. Calculate the greatest common divisor of 2624 and m.
64
Suppose -5*f = -5*y + 1465, 76*y - 69*y - 2057 = 5*f. Let p be -4*(925/20)/(-5). Calculate the greatest common divisor of p and y.
37
Let a be (4 - 10)/(((-24)/152)/3). Let i(f) = f**3 + 5*f**2 - 3*f - 3. Let j be i(-5). What is the greatest common divisor of a and j?
6
Suppose f - 4*h + 474 = 1374, -3*h - 892 = -f. Calculate the greatest common factor of f and 616.
28
Let r = 2270 + -2105. What is the greatest common divisor of r and 12?
3
Suppose -5*a + 217 - 40 = 2*t, -2*a - 120 = -t. What is the highest common divisor of 9063 and t?
53
Let v(a) = -329*a + 2669. Let t be v(8). Calculate the highest common divisor of t and 703.
37
Let r = 44604 - 44574. Suppose o + 77 = y, -3*y - 4*o = y - 268. What is the greatest common factor of y and r?
6
Suppose 0 = 7*a - 3*a - 200. Suppose -2*n - 21 = -3*v - a, -v = -n + 14. Let c = 174 + -31. Calculate the highest common divisor of c and n.
13
Let a = 19235 - 17205. What is the greatest common factor of a and 232?
58
Let g be ((-9)/9)/((-1)/36). Suppose 0 = -13*c + 7*c - g. Let d be (c - -1)*19/(-1). Calculate the greatest common factor of 38 and d.
19
Suppose -67*c - 83*c + 1672050 = 0. Calculate the highest common divisor of 71 and c.
71
Let w = 27 + -18. Suppose 0 = -644*q - 226*q + 156600. What is the greatest common divisor of w and q?
9
Suppose -5*j + 4 = -5*k + 119, 4*j + 32 = k. Let a = 76 - 30. Suppose -i + 19 + a = -3*p, 5*i - 265 = 3*p. Calculate the greatest common divisor of k and i.
10
Let u(s) = 9*s**2 + 40*s - 10. Let b be u(2). What is the greatest common factor of b and 2279?
53
Let c be (-3)/(-9) + 0 + (-41)/(-3). Suppose c*n = -11*n + 9375. What is the highest common factor of 15 and n?
15
Let y = 10420 + -10165. Calculate the greatest common divisor of y and 60.
15
Let q be 102 - (-16 + 17 + (2 - 0)). What is the greatest common factor of q and 198?
99
Let u be (-120)/(-15) + (2 - (-320)/1). Calculate the highest common divisor of 270 and u.
30
Suppose -4*j + 1 = 5. Let r be (-6)/(-8) + (1518/24 - j). Calculate the highest common factor of r and 15.
5
Suppose 0 = -89*j + 6115 + 29129. Calculate the highest common divisor of 44 and j.
44
Suppose 5*c - 2296 + 106 = 0. Suppose -13*g + c = -290. What is the greatest common factor of 40 and g?
8
Let p be -2*(-3)/(-30) + (-10824)/(-120) + 12. What is the greatest common divisor of 39780 and p?
102
Suppose -f = -11*f + 30. Let d = 312 + -303. What is the highest common factor of d and f?
3
Let w(j) = j**2 + 11*j + 1100. Let g be w(-46). What is the greatest common divisor of 10 and g?
10
Let n(o) = 2*o**2 + o - 6. Let d(p) = 10*p**2 + 4*p - 31. Let g(h) = -2*d(h) + 11*n(h). Let s be g(-4). What is the highest common divisor of 8 and s?
8
Suppose 146*x - 6392 = 10*x. What is the greatest common factor of x and 47?
47
Let f(h) = -10344*h + 94. Let o be f(-1). What is the greatest common divisor of o and 34?
34
Suppose -2*r - 37074 = -4*k, 29*k - 5*r + 18531 = 31*k. What is the highest common divisor of k and 28?
28
Let q be ((153/2)/(-3))/((-11)/66). Suppose -161 = -2*y - q. Calculate the highest common divisor of y and 36.
4
Let v be 170/(-25) + 4/5. Let a be v - -7 - 45/(-3). Suppose -a = -3*m + 20. Calculate the highest common divisor of 9 and m.
3
Let t(l) = -l**3 + 4*l**2 + 77*l + 65. Let z be t(-7). Let f = -55 - -35. Let g = f + 33. What is the greatest common factor of g and z?
13
Let h(q) = 205*q + 5782. Let w be h(-28). Calculate the highest common factor of w and 606.
6
Suppose 3*f + 2*f = -4*h - 1357, 4*f = -3*h - 1086. Let b be f/(-9) + 2/(-6). What is the highest common divisor of b and 80?
10
Suppose 0 = -5*s + 2*s - 5*r + 29, -5*r + 17 = -s. Suppose 4*l + 20 = 8*l, -4*p + s*l + 1 = 0. What is the highest common divisor of p and 38?
2
Let m(y) = 20*y - 52. Let f be m(5). Suppose 4*b - 12*b = 40. Let a be (0 - -34) + b + 7. Calculate the greatest common divisor of f and a.
12
Suppose -2*o + 233 = 2*m + 73, 0 = -4*o + 3*m + 299. Suppose 0 = 13322*p - 13318*p - 196. Calculate the highest common divisor of o and p.
7
Let s be (-6)/(-4)*2 + -9 + -2. Let c be (2 - -1) + 15*2. Let v = s + c. What is the highest common factor of v and 225?
25
Let g = 1 - -5. Let s(m) = m**3 + 5*m**2 - 5*m - 6. Let h be s(g). Let j = 172 + -127. Calculate the greatest common divisor of h and j.
45
Let c(x) = -x**3 + 48*x**2 + 97*x + 170. Let s be c(50). What is the highest common divisor of 1410 and s?
10
Let w(t) = 208*t + 3217. Let q be w(-13). What is the highest common divisor of q and 95?
19
Suppose 4*d = -3*v + 32, 3*d + 0*v = -2*v + 23. Suppose a = u - a - 61, -291 = -d*u + 3*a. What is the greatest common factor of 3 and u?
3
Let a be 3/(-9) + (-1)/(-3). Suppose a = d - 21. Suppose d*r + 30 = 27*r. Calculate the highest common divisor of 15 and r.
5
Let a = 27 + 18. Suppose -13 = h - a. Let n(c) = c**3 - 9*c**2 - 8*c + 4. Let l be n(10). What is the greatest common divisor of h and l?
8
Let n be (-27780)/(-28) - (-6)/(-42). Let s be (-1358)/28*4/(-2). Suppose -3*m = -s - n. Calculate the highest common divisor of 33 and m.
33
Let t(k) = k + 85. Let a be t(-14). Let i = 82 - a. Suppose -3*j = -i*j + 32. Calculate the highest common factor of j and 52.
4
Suppose -36 = -7*n + n. Suppose -o = 3*v - n*o + 9, 2*o = 6. Let f be (10 - -9)/(v + -1). What is the highest common factor of 171 and f?
19
Let i(w) = -1